at is the hundreds digit of 46555?
5
What is the thousands digit of 1802?
1
What is the ten thousands digit of 48150?
4
What is the hundreds digit of 416?
4
What is the tens digit of 71351?
5
What is the thousands digit of 3708?
3
What is the tens digit of 1218?
1
What is the ten thousands digit of 138844?
3
What is the hundreds digit of 17492?
4
What is the hundreds digit of 263?
2
What is the thousands digit of 3299?
3
What is the units digit of 2822?
2
What is the hundreds digit of 29808?
8
What is the units digit of 26967?
7
What is the units digit of 666?
6
What is the units digit of 51100?
0
What is the units digit of 53396?
6
What is the ten thousands digit of 56353?
5
What is the thousands digit of 12868?
2
What is the tens digit of 8285?
8
What is the units digit of 1519?
9
What is the units digit of 6088?
8
What is the thousands digit of 39292?
9
What is the units digit of 730?
0
What is the hundreds digit of 3487?
4
What is the tens digit of 67112?
1
What is the ten thousands digit of 33385?
3
What is the hundreds digit of 9751?
7
What is the units digit of 762?
2
What is the units digit of 250?
0
What is the units digit of 5455?
5
What is the thousands digit of 82333?
2
What is the units digit of 761?
1
What is the tens digit of 38?
3
What is the hundreds digit of 30760?
7
What is the thousands digit of 1573?
1
What is the tens digit of 780?
8
What is the tens digit of 493?
9
What is the units digit of 41388?
8
What is the hundreds digit of 52258?
2
What is the units digit of 125?
5
What is the thousands digit of 61303?
1
What is the hundreds digit of 31297?
2
What is the units digit of 1552?
2
What is the units digit of 13593?
3
What is the hundreds digit of 166323?
3
What is the units digit of 1479?
9
What is the thousands digit of 14150?
4
What is the hundreds digit of 785?
7
What is the hundreds digit of 15709?
7
What is the hundreds digit of 360?
3
What is the thousands digit of 11473?
1
What is the units digit of 33336?
6
What is the thousands digit of 12206?
2
What is the tens digit of 1409?
0
What is the units digit of 435?
5
What is the units digit of 30543?
3
What is the thousands digit of 1545?
1
What is the thousands digit of 11441?
1
What is the units digit of 1079?
9
What is the tens digit of 2116?
1
What is the units digit of 966?
6
What is the tens digit of 3660?
6
What is the tens digit of 1377?
7
What is the hundreds digit of 100142?
1
What is the tens digit of 4510?
1
What is the ten thousands digit of 19953?
1
What is the tens digit of 796?
9
What is the thousands digit of 4955?
4
What is the tens digit of 1907?
0
What is the hundreds digit of 37734?
7
What is the units digit of 89?
9
What is the tens digit of 133651?
5
What is the hundreds digit of 53997?
9
What is the units digit of 481?
1
What is the hundreds digit of 1000?
0
What is the tens digit of 7127?
2
What is the hundreds digit of 3696?
6
What is the thousands digit of 6704?
6
What is the thousands digit of 17208?
7
What is the thousands digit of 51796?
1
What is the units digit of 1717?
7
What is the hundreds digit of 5887?
8
What is the ten thousands digit of 40784?
4
What is the tens digit of 5242?
4
What is the tens digit of 9305?
0
What is the hundreds digit of 2289?
2
What is the tens digit of 789?
8
What is the units digit of 460?
0
What is the tens digit of 888?
8
What is the tens digit of 25350?
5
What is the tens digit of 50941?
4
What is the tens digit of 502?
0
What is the units digit of 890?
0
What is the units digit of 10591?
1
What is the units digit of 3903?
3
What is the thousands digit of 8465?
8
What is the ten thousands digit of 13253?
1
What is the thousands digit of 9501?
9
What is the thousands digit of 4183?
4
What is the tens digit of 5317?
1
What is the thousands digit of 5944?
5
What is the ten thousands digit of 11468?
1
What is the units digit of 69497?
7
What is the units digit of 21?
1
What is the hundreds digit of 6881?
8
What is the tens digit of 7514?
1
What is the hundreds digit of 759?
7
What is the hundreds digit of 31069?
0
What is the units digit of 2297?
7
What is the hundreds digit of 3025?
0
What is the units digit of 482?
2
What is the units digit of 1758?
8
What is the units digit of 7035?
5
What is the ten thousands digit of 32333?
3
What is the hundreds digit of 42255?
2
What is the ten thousands digit of 24502?
2
What is the units digit of 4352?
2
What is the tens digit of 2035?
3
What is the hundreds digit of 34323?
3
What is the units digit of 350?
0
What is the units digit of 5422?
2
What is the tens digit of 413?
1
What is the units digit of 40?
0
What is the ten thousands digit of 13896?
1
What is the tens digit of 1861?
6
What is the thousands digit of 5247?
5
What is the hundreds digit of 1308?
3
What is the hundreds digit of 2845?
8
What is the thousands digit of 1216?
1
What is the hundreds digit of 58049?
0
What is the units digit of 1241?
1
What is the thousands digit of 5784?
5
What is the hundreds digit of 25448?
4
What is the thousands digit of 41132?
1
What is the units digit of 24586?
6
What is the ten thousands digit of 119972?
1
What is the ten thousands digit of 49536?
4
What is the units digit of 37745?
5
What is the units digit of 111?
1
What is the hundreds digit of 15542?
5
What is the units digit of 1591?
1
What is the tens digit of 54133?
3
What is the ten thousands digit of 65894?
6
What is the units digit of 2723?
3
What is the ten thousands digit of 38307?
3
What is the tens digit of 91970?
7
What is the hundreds digit of 5560?
5
What is the units digit of 14934?
4
What is the tens digit of 17839?
3
What is the thousands digit of 8854?
8
What is the units digit of 759?
9
What is the units digit of 715?
5
What is the units digit of 17381?
1
What is the hundreds digit of 2061?
0
What is the units digit of 5971?
1
What is the thousands digit of 33784?
3
What is the units digit of 1093?
3
What is the thousands digit of 6218?
6
What is the thousands digit of 12466?
2
What is the hundreds digit of 2402?
4
What is the hundreds digit of 331?
3
What is the units digit of 3767?
7
What is the hundreds digit of 2445?
4
What is the units digit of 33416?
6
What is the units digit of 2335?
5
What is the units digit of 12948?
8
What is the hundreds digit of 1002?
0
What is the hundreds digit of 11435?
4
What is the ten thousands digit of 18482?
1
What is the tens digit of 72?
7
What is the units digit of 13904?
4
What is the tens digit of 3086?
8
What is the units digit of 98189?
9
What is the hundreds digit of 18832?
8
What is the tens digit of 16296?
9
What is the thousands digit of 1869?
1
What is the thousands digit of 3715?
3
What is the hundreds digit of 618?
6
What is the tens digit of 31150?
5
What is the ten thousands digit of 34133?
3
What is the tens digit of 23499?
9
What is the units digit of 352?
2
What is the tens digit of 1087?
8
What is the units digit of 10717?
7
What is the units digit of 265?
5
What is the hundreds digit of 100300?
3
What is the thousands digit of 9214?
9
What is the units digit of 70425?
5
What is the hundreds digit of 175884?
8
What is the hundred thousands digit of 143754?
1
What is the hundreds digit of 185355?
3
What is the ten thousands digit of 44402?
4
What is the ten thousands digit of 52243?
5
What is the hundreds digit of 1982?
9
What is the thousands digit of 106839?
6
What is the hundreds digit of 2339?
3
What is the tens digit of 13084?
8
What is the hundreds digit of 53656?
6
What is the units digit of 2986?
6
What is the units digit of 912?
2
What is the hundreds digit of 192?
1
What is the thousands digit of 6207?
6
What is the units digit of 195?
5
What is the thousands digit of 22711?
2
What is the hundreds digit of 134?
1
What is the units digit of 1143?
3
What is the hundred thousands digit of 133822?
1
What is the hundreds digit of 1902?
9
What is the tens digit of 1638?
3
What is the units digit of 80207?
7
What is the tens digit of 6223?
2
What is the hundreds digit of 4004?
0
What is the hundreds digit of 6321?
3
What is the thousands digit of 5383?
5
What is the units digit of 932?
2
What is the thousands digit of 8874?
8
What is the units digit of 2009?
9
What is the tens digit of 1742?
4
What is the units digit of 91184?
4
W